r when 129/((-3)/(-2) - 0) is divided by g.
11
Suppose -2*d - 2*y + 4*y = -62, 118 = 4*d - y. Calculate the remainder when 198 is divided by d.
24
Let v = 146 - 138. Suppose 0*x - 3 = -x. What is the remainder when 9 is divided by v - (-1)/(x/(-9))?
4
Let m(p) = p**2 - 10*p - 2. Let x(u) = 1. Let j(o) = -m(o) - 2*x(o). Let k be (-7)/2*(-40)/28. Calculate the remainder when 74 is divided by j(k).
24
Let u(t) = 6*t - 34. Calculate the remainder when 37 is divided by u(10).
11
What is the remainder when 152 is divided by (37/2 - -1)/((-6)/(-12))?
35
Let p = -976 - -1505. What is the remainder when p is divided by 89?
84
Let j = -161 - -34. Let r = j - -142. Calculate the remainder when 74 is divided by r.
14
Suppose 123 = 7*w - 24. Calculate the remainder when 177 is divided by w.
9
Let t(p) = 4*p**2 + 26*p - 11. What is the remainder when -1 - -18*3/6 is divided by t(-7)?
2
Let n(l) = 43*l + 171. Calculate the remainder when n(25) is divided by 78.
76
Suppose 5*x + 0*x - 5*t + 5 = 0, 5*x - 4*t = 0. Let s be (-1048)/(-12) - (-2)/3. What is the remainder when 38 is divided by s/9 - x/(-18)?
8
Suppose -5*q = -3*q - 18. Suppose -q*w + 174 = -6*w. What is the remainder when w is divided by 30?
28
Let u be 1/(-4) - 252/16. Let z(s) = s**2 + 8*s - 2. Let i be z(-11). Let v = u + i. Calculate the remainder when 28 is divided by v.
13
Let b(r) = 4*r + 1. Let g(h) = -3*h. Let o(n) = 5*b(n) + 6*g(n). What is the remainder when o(12) is divided by 15?
14
Let o be 28/8*36/7. Suppose -5*f + 0*v + 54 = -3*v, 2*f - 3*v - o = 0. Calculate the remainder when 35 is divided by f.
11
Let n(t) = 3*t**2 - 4*t + 5. What is the remainder when n(8) is divided by 13?
9
Let q = -871 + 873. Suppose 0 = -2*t - 3*t + 25. Calculate the remainder when t is divided by q.
1
Let m(g) be the second derivative of -g**5/20 + g**4/12 + 2*g**3/3 - 3*g**2/2 - g. Let p be m(2). Calculate the remainder when 25 is divided by 1*(p + 2)*3.
7
Calculate the remainder when 123 is divided by (3440/1290)/((2*-1)/(-42)).
11
Suppose -3*w - 5*b = -54, -3*w + 30 = 4*b - 7*b. Calculate the remainder when 272 is divided by w.
12
Suppose -39 = -3*g + 42. Suppose -3*m = -7*m. Suppose -3 = -n + 4*c, -4*n + c + m*c = -57. What is the remainder when g is divided by n?
12
Let x = -12 + 13. Let y be x/(3 + (-56)/20). Suppose 24 - 4 = y*m. Calculate the remainder when 15 is divided by m.
3
Let p(x) = -x**2 + 7*x + 6. Let h be p(6). Let a = 17 - h. Suppose -a*i - 7 = -32. Calculate the remainder when 14 is divided by i.
4
Suppose 5*c - 22 = 153. Let z(i) = -i + 31. Let j be 38/3 + ((-10)/6 - -2). Calculate the remainder when c is divided by z(j).
17
Let k be ((-4)/(-5))/(2/95). Suppose -3*i - a = -158, -i - 3*a + k = a. Let g = i + -31. What is the remainder when g is divided by 12?
11
Let z = -343 + 365. What is the remainder when 64 is divided by z?
20
Suppose -2*p + 45 + 21 = 4*l, -29 = -2*l + 3*p. What is the remainder when l is divided by -1*4 - ((-48)/(-6))/(-1)?
0
Let q(s) = -31*s - 262. Calculate the remainder when 38 is divided by q(-9).
4
Let k(t) = 5*t - 30. Calculate the remainder when 23 is divided by k(9).
8
Suppose 6*f - 8*f + 20 = 2*d, -5*d + 64 = -2*f. Suppose 7 - 53 = -n. What is the remainder when n is divided by d?
10
Let i(j) = -55*j - 4. Let v be i(1). Let m = v + 83. What is the remainder when (-68)/(-4)*(-14)/(-2) is divided by m?
23
What is the remainder when 1/(-18) + (-24344)/(-144) is divided by 91?
78
Suppose -2*n + 8*n - 72 = 0. Suppose -93 = -y + 14. What is the remainder when y is divided by n?
11
Let q = 109 - 101. What is the remainder when 16 is divided by q?
0
Suppose 5*r = 0, -3*r + 961 = 2*i + 325. What is the remainder when i is divided by 70?
38
Let o(m) = -m**2 - 18*m - 12. Let k be o(-15). Suppose 114 + k = 3*c. What is the remainder when c is divided by 14?
7
Let g(b) = -b**3 - 6*b**2 + b + 8. Let k be g(-6). Let w(x) = 19*x + 1. Calculate the remainder when w(k) is divided by (78/(-156))/(2/(-14*4)).
11
Calculate the remainder when (-28)/266 - 34098/(-114) is divided by 15.
14
Let k(n) = -2. Suppose -6*y - 6 = 6. Let p(z) = -2*z + 11. Let x(b) = y*p(b) - 10*k(b). Calculate the remainder when x(7) is divided by 9.
8
Calculate the remainder when 38720/208 + 2/(-13) is divided by 21.
18
Let o(a) = -a + 1. Let y be (-156)/15 + 2/5. Let w(z) = -22*z + 12. Let f(n) = y*o(n) + w(n). What is the remainder when f(-2) is divided by 9?
8
Suppose -27 = 3*k + 3. Let v be (-20)/(-50) - 16/k. Calculate the remainder when 42 is divided by 20/v + (1 - 2).
6
Let i(t) = -t. Let c(h) = -h**2 - 19*h - 42. Let g(b) = -c(b) + 4*i(b). Calculate the remainder when 61 is divided by g(-13).
13
Suppose -345 = -3*x - 4*m, 123 = x + 2*m + 2*m. Suppose -6*c + x = -3*c. Calculate the remainder when c is divided by ((-255)/68*(-8)/(-3))/(-1).
7
Let s(a) = -a**3 - 6*a**2 + 6*a - 3. Let p be 4/(-5) + (-496)/80. Let i be s(p). Calculate the remainder when 25 is divided by (6 - (0 + -3)) + i.
12
Suppose -15 = -5*w + 130. Suppose 3*u - w = -3*v - u, v - 23 = 2*u. Suppose -130 = 3*y - 8*y. What is the remainder when y is divided by v?
11
Suppose -t + 90 = -7*t. Let l = 17 + t. What is the remainder when l is divided by (-2)/(-4) - (-3)/2?
0
Suppose 5*g - 2726 = u, 2*u + 3*u - 566 = -g. Suppose 6*s = -132 + g. What is the remainder when s is divided by 13?
4
Suppose -2*x + 43 = 5*l + x, -4*l + x + 48 = 0. What is the remainder when ((-168)/(-32))/(2/16) is divided by l?
9
Let k(m) be the second derivative of -m**3/6 - 3*m**2/2 - 9*m. Let b be k(8). Calculate the remainder when 11 is divided by (-42)/b + (-28)/(-154).
3
Suppose 154 = 3*v - 8*y + 3*y, 3*y = -4*v + 244. Let g = v + -33. What is the remainder when g is divided by 7?
4
Suppose 62 = -5*h + 327. Suppose -2*g - h = 25. Let t = -21 - g. Calculate the remainder when 35 is divided by t.
17
Let p = 13 - 8. Let q = -48 - -50. Suppose p*d - 4*y = 80 + 134, -d = q*y - 54. Calculate the remainder when d is divided by 12.
10
Suppose 15 = 3*v + 6. Let j be 6*(-2)/(4/v). Let c = j - -40. What is the remainder when 92 is divided by c?
30
Let j be 80/14 - (-4)/14. Calculate the remainder when 414/12 + 1 + j/(-4) is divided by 18.
16
Suppose -30*i + 15*i + 660 = 0. What is the remainder when i is divided by 6?
2
Let q = -17 + 34. Suppose 0 = -3*o, -4*z + 4*o + 287 = 23. Calculate the remainder when z is divided by q.
15
Suppose 0 = 4*z - 2*a - 132, 0*z + 5*z = -2*a + 165. Let c = -2 + 100. What is the remainder when c is divided by z?
32
Suppose c = -4*c + 30. Let v(k) = -c*k + 3*k + 0*k + 16. Calculate the remainder when v(5) is divided by 1.
0
Let i(w) = -8*w**3 - w**2 - 2*w. Let u(z) = 17*z**3 + 2*z**2 + 4*z - 1. Let l(o) = 5*i(o) + 2*u(o). Calculate the remainder when 7 is divided by l(-1).
2
Let s(x) = x**3 - 4*x**2 + 4*x + 4. Let c be s(4). Let q = 21 - c. What is the remainder when 8 is divided by q + 6*(-2)/(-6)?
2
Let g(i) = 2*i**3 + 24*i**2 + 19*i - 16. What is the remainder when 21 is divided by g(-11)?
4
Let m(g) = -g + 12. Let c be m(26). Let v = c + 19. Calculate the remainder when 7 is divided by v.
2
Let x = 58 + -1. Suppose 10*u - 100 = -0*u. Calculate the remainder when x is divided by u.
7
Suppose -29*s = -31*s + 226. What is the remainder when 119 is divided by s?
6
Suppose -16*p + 13365 = 65*p. What is the remainder when p is divided by 57?
51
Suppose 3*h + 77 = 3*w + 2*h, 2*w - 3*h - 63 = 0. What is the remainder when 213 is divided by w?
21
Let d(j) = -3*j - 24. Let p be d(-8). Suppose -34 = -3*v + n - 3*n, -v - 2*n + 14 = p. What is the remainder when 19 is divided by v?
9
Calculate the remainder when (-2 - (-21)/6)*11040/45 is divided by 59.
14
Let a be ((-171)/27)/((-2)/6). Let l = a - 16. Suppose 0 = 5*f - 21 - 19. What is the remainder when f is divided by l?
2
Let s(z) be the first derivative of -16*z**3 + z**2/2 + z - 1. Let y be s(-1). What is the remainder when y/(-1 + -2) + 0 is divided by 9?
7
Let g = 28 - 3. Let v = 147 + -25. What is the remainder when v is divided by g?
22
Let n(w) be the second derivative of w**3 - 25*w**2/2 - 6*w. What is the remainder when n(10) is divided by 20?
15
Let f(d) = d**3 + 7*d**2 + 6*d. Let j be f(-6). Suppose j + 15 = 3*w. Suppose -w*z + 40 + 0 = 0. What is the remainder when 31 is divided